{"id":1841,"date":"2022-07-16T23:26:42","date_gmt":"2022-07-17T02:26:42","guid":{"rendered":"https:\/\/polinizeflorais.com.br\/?post_type=product&#038;p=1841"},"modified":"2024-11-08T10:35:00","modified_gmt":"2024-11-08T13:35:00","slug":"bom-sono-20-9","status":"publish","type":"product","link":"https:\/\/cincuenta.com.br\/polinize\/produto\/bom-sono-20-9\/","title":{"rendered":"Fase de Teimosia"},"content":{"rendered":"<div id=\"dslc-theme-content\"><div id=\"dslc-theme-content-inner\"><\/div><\/div>","protected":false},"excerpt":{"rendered":"<p><strong>AUXILIA NO SENTIMENTO DE OBEDI\u00caNCIA<\/strong><\/p>\n<p>Condi\u00e7\u00e3o emocional relacionada \u00e0\u00a0<strong>teimosia e rebeldia<\/strong>. Esta f\u00f3rmula com ess\u00eancias Florais de Bach age modificando certos estados vibracionais em nosso organismo, auxiliando a equilibrar e harmonizar estas emo\u00e7\u00f5es, favorecendo o<strong>\u00a0sentimento de maior obedi\u00eancia<\/strong>.<\/p>\n<p>Composi\u00e7\u00e3o: 3ppm de ess\u00eancia floral l\u00edquida\u00a0<em>(Prunus cerasifera, Calluna vulgaris, Pinus sylvestris, Ornithogalum umbellatum, Fagus sylvatica)<\/em>, \u00e1gua e Brandy.<\/p>\n","protected":false},"featured_media":1781,"template":"","meta":[],"product_cat":[22],"product_tag":[],"class_list":{"0":"post-1841","1":"product","2":"type-product","3":"status-publish","4":"has-post-thumbnail","6":"product_cat-florais-de-bach-kids","8":"first","9":"instock","10":"shipping-taxable","11":"purchasable","12":"product-type-simple"},"_links":{"self":[{"href":"https:\/\/cincuenta.com.br\/polinize\/wp-json\/wp\/v2\/product\/1841"}],"collection":[{"href":"https:\/\/cincuenta.com.br\/polinize\/wp-json\/wp\/v2\/product"}],"about":[{"href":"https:\/\/cincuenta.com.br\/polinize\/wp-json\/wp\/v2\/types\/product"}],"wp:featuredmedia":[{"embeddable":true,"href":"https:\/\/cincuenta.com.br\/polinize\/wp-json\/wp\/v2\/media\/1781"}],"wp:attachment":[{"href":"https:\/\/cincuenta.com.br\/polinize\/wp-json\/wp\/v2\/media?parent=1841"}],"wp:term":[{"taxonomy":"product_cat","embeddable":true,"href":"https:\/\/cincuenta.com.br\/polinize\/wp-json\/wp\/v2\/product_cat?post=1841"},{"taxonomy":"product_tag","embeddable":true,"href":"https:\/\/cincuenta.com.br\/polinize\/wp-json\/wp\/v2\/product_tag?post=1841"}],"curies":[{"name":"wp","href":"https:\/\/api.w.org\/{rel}","templated":true}]}}