{"id":1828,"date":"2022-07-16T23:30:15","date_gmt":"2022-07-17T02:30:15","guid":{"rendered":"https:\/\/polinizeflorais.com.br\/?post_type=product&#038;p=1828"},"modified":"2024-11-08T10:36:01","modified_gmt":"2024-11-08T13:36:01","slug":"bom-sono-20-16","status":"publish","type":"product","link":"https:\/\/cincuenta.com.br\/polinize\/produto\/bom-sono-20-16\/","title":{"rendered":"Momento Sociabilidade"},"content":{"rendered":"<div id=\"dslc-theme-content\"><div id=\"dslc-theme-content-inner\"><\/div><\/div>","protected":false},"excerpt":{"rendered":"<p><strong>AUXILIA NOS SENTIMENTOS DE AUTOESTIMA E SEGURAN\u00c7A<\/strong><\/p>\n<p>Condi\u00e7\u00e3o emocional que, nesta fase da vida geram nas crian\u00e7as\u00a0<strong>dificuldades para se sociabilizarem<\/strong>. Esta f\u00f3rmula com ess\u00eancias Florais de Bach ameniza essas dificuldades da crian\u00e7a, auxiliando no processo da\u00a0<strong>integra\u00e7\u00e3o social<\/strong>, refor\u00e7ando sentimentos de\u00a0<strong>autoestima, aceita\u00e7\u00e3o, coragem e seguran\u00e7a.<\/strong><\/p>\n<p>Composi\u00e7\u00e3o: 3ppm de ess\u00eancia floral l\u00edquida (<em>Mimulus guttatus, Larix decidua, Hottonia palustris<\/em>), \u00e1gua e Brandy.<\/p>\n","protected":false},"featured_media":1778,"template":"","meta":[],"product_cat":[22],"product_tag":[],"class_list":{"0":"post-1828","1":"product","2":"type-product","3":"status-publish","4":"has-post-thumbnail","6":"product_cat-florais-de-bach-kids","8":"first","9":"instock","10":"shipping-taxable","11":"purchasable","12":"product-type-simple"},"_links":{"self":[{"href":"https:\/\/cincuenta.com.br\/polinize\/wp-json\/wp\/v2\/product\/1828"}],"collection":[{"href":"https:\/\/cincuenta.com.br\/polinize\/wp-json\/wp\/v2\/product"}],"about":[{"href":"https:\/\/cincuenta.com.br\/polinize\/wp-json\/wp\/v2\/types\/product"}],"wp:featuredmedia":[{"embeddable":true,"href":"https:\/\/cincuenta.com.br\/polinize\/wp-json\/wp\/v2\/media\/1778"}],"wp:attachment":[{"href":"https:\/\/cincuenta.com.br\/polinize\/wp-json\/wp\/v2\/media?parent=1828"}],"wp:term":[{"taxonomy":"product_cat","embeddable":true,"href":"https:\/\/cincuenta.com.br\/polinize\/wp-json\/wp\/v2\/product_cat?post=1828"},{"taxonomy":"product_tag","embeddable":true,"href":"https:\/\/cincuenta.com.br\/polinize\/wp-json\/wp\/v2\/product_tag?post=1828"}],"curies":[{"name":"wp","href":"https:\/\/api.w.org\/{rel}","templated":true}]}}