{"id":1806,"date":"2024-11-07T23:16:59","date_gmt":"2024-11-08T02:16:59","guid":{"rendered":"https:\/\/polinizeflorais.com.br\/?post_type=product&#038;p=1806"},"modified":"2024-11-08T10:42:17","modified_gmt":"2024-11-08T13:42:17","slug":"angustia-e-aficao","status":"publish","type":"product","link":"https:\/\/cincuenta.com.br\/polinize\/produto\/angustia-e-aficao\/","title":{"rendered":"Sentimento de Ang\u00fastia e Afli\u00e7\u00e3o"},"content":{"rendered":"<div id=\"dslc-theme-content\"><div id=\"dslc-theme-content-inner\"><\/div><\/div>","protected":false},"excerpt":{"rendered":"<p><span style=\"font-size: 80%;\">Equivalente a F\u00f3rmula \u2013\u00a0<b>Sentimento de Ansiedade<\/b><\/span><\/p>\n<p><strong>AUXILIA NOS SENTIMENTOS DE SERENIDADE E PRAZER<\/strong><\/p>\n<p>Condi\u00e7\u00e3o emocional de\u00a0<strong>ang\u00fastia e afli\u00e7\u00e3o<\/strong>. Esta f\u00f3rmula com ess\u00eancias Florais de Bach age modificando certos estados vibracionais em nosso organismo, favorecendo\u00a0<strong>sentimentos de<\/strong>\u00a0<strong>serenidade, bem-estar e prazer.<\/strong><\/p>\n<p>Composi\u00e7\u00e3o: 3ppm de ess\u00eancia \ufb02oral l\u00edquida\u00a0<em>(Impatiens glandulifera, Gentiana amarella, Agrimonia eupatoria, Mimulus guttatus, Aesculus carnea, Aesculus hippocastanum),\u00a0<\/em>\u00e1gua e Brandy.<\/p>\n<p>USO ADULTO E PEDI\u00c1TRICO. CONT\u00c9M BAIXO TEOR ALCO\u00d3LICO. N\u00c3O CONT\u00c9M GL\u00daTEN.<\/p>\n<p>V\u00e1lido por 3 anos ap\u00f3s a data de fabrica\u00e7\u00e3o e por 2 meses ap\u00f3s aberto. Conservar em temperatura ambiente em local seco e arejado, longe da luz e do calor. Para manter a qualidade do produto, n\u00e3o toque a c\u00e2nula com a l\u00edngua ou m\u00e3os.<\/p>\n<p>Modo de Uso: Tomar 4 gotas tr\u00eas vezes ao dia. O uso pode ser sublingual ou dilu\u00eddo em \u00e1gua se desejar atenuar o gosto.<\/p>\n","protected":false},"featured_media":1716,"template":"","meta":[],"product_cat":[21],"product_tag":[],"class_list":{"0":"post-1806","1":"product","2":"type-product","3":"status-publish","4":"has-post-thumbnail","6":"product_cat-florais-de-bach-adulto","8":"first","9":"instock","10":"shipping-taxable","11":"purchasable","12":"product-type-simple"},"_links":{"self":[{"href":"https:\/\/cincuenta.com.br\/polinize\/wp-json\/wp\/v2\/product\/1806"}],"collection":[{"href":"https:\/\/cincuenta.com.br\/polinize\/wp-json\/wp\/v2\/product"}],"about":[{"href":"https:\/\/cincuenta.com.br\/polinize\/wp-json\/wp\/v2\/types\/product"}],"wp:featuredmedia":[{"embeddable":true,"href":"https:\/\/cincuenta.com.br\/polinize\/wp-json\/wp\/v2\/media\/1716"}],"wp:attachment":[{"href":"https:\/\/cincuenta.com.br\/polinize\/wp-json\/wp\/v2\/media?parent=1806"}],"wp:term":[{"taxonomy":"product_cat","embeddable":true,"href":"https:\/\/cincuenta.com.br\/polinize\/wp-json\/wp\/v2\/product_cat?post=1806"},{"taxonomy":"product_tag","embeddable":true,"href":"https:\/\/cincuenta.com.br\/polinize\/wp-json\/wp\/v2\/product_tag?post=1806"}],"curies":[{"name":"wp","href":"https:\/\/api.w.org\/{rel}","templated":true}]}}