{"id":1700,"date":"2023-06-20T16:09:09","date_gmt":"2023-06-20T19:09:09","guid":{"rendered":"https:\/\/oh2nutrition.com.br\/?post_type=product&#038;p=1700"},"modified":"2024-11-08T17:23:29","modified_gmt":"2024-11-08T20:23:29","slug":"cartamo-coco-1000mg-2","status":"publish","type":"product","link":"https:\/\/cincuenta.com.br\/oh2nutrition\/produto\/cartamo-coco-1000mg-2\/","title":{"rendered":"C\u00c1RTAMO + COCO 1000MG"},"content":{"rendered":"<p>120 C\u00e1psulas Softgel<\/p>\n","protected":false},"excerpt":{"rendered":"<p>A OH2 NUTRITION uniu dois \u00f3leos em uma s\u00f3 c\u00e1psula: o \u00d3leo de C\u00e1rtamo (698,5mg) e \u00d3leo de Coco (299mg), associados \u00e0 Vitamina E. Contribuem para o emagrecimento, impedindo o dep\u00f3sito de gordura, reduzindo a lipog\u00eanese (forma\u00e7\u00e3o de gordura) e a circunfer\u00eancia abdominal. Auxiliam na redu\u00e7\u00e3o dos n\u00edveis de triglicer\u00eddeos e o mau colesterol (LDL), aumentando o bom colesterol (HDL).\u00a0Inclui-se ainda, todos os benef\u00edcios da Vitamina E\u00a0que, al\u00e9m de outros,\u00a0atua como antioxidante minimizando\u00a0os efeitos prejudiciais dos radicais livres. OBS: em fun\u00e7\u00e3o do \u00f3leo de coco ter um ponto de solidifica\u00e7\u00e3o bem menor que o ponto de solidifica\u00e7\u00e3o do \u00f3leo e c\u00e1rtamo, quando misturados, e em temperatura ambiente amena, apresentam-se visualmente com caracter\u00edsticas diferentes.<\/p>\n<p><b>Ingredientes<\/b><br \/>\n\u00d3leo de C\u00e1rtamo, \u00d3leo de Coco e Vitamina E. Composi\u00e7\u00e3o da c\u00e1psula: Gelatina, umectante glicerina e \u00e1gua.<\/p>\n<p><b>Recomenda\u00e7\u00e3o de uso<\/b><br \/>\nIngerir 4 (quatro) c\u00e1psulas ao dia, preferencialmente antes da principal refei\u00e7\u00e3o. N\u00e3o cont\u00e9m gl\u00faten.<\/p>\n<p><b>Registro M.S.<\/b><br \/>\n6.7005.0017.001-8<\/p>\n","protected":false},"featured_media":1514,"comment_status":"open","ping_status":"closed","template":"","meta":[],"product_cat":[148],"product_tag":[],"class_list":{"0":"post-1700","1":"product","2":"type-product","3":"status-publish","4":"has-post-thumbnail","6":"product_cat-sem-categoria","8":"first","9":"instock","10":"shipping-taxable","11":"purchasable","12":"product-type-simple"},"_links":{"self":[{"href":"https:\/\/cincuenta.com.br\/oh2nutrition\/wp-json\/wp\/v2\/product\/1700"}],"collection":[{"href":"https:\/\/cincuenta.com.br\/oh2nutrition\/wp-json\/wp\/v2\/product"}],"about":[{"href":"https:\/\/cincuenta.com.br\/oh2nutrition\/wp-json\/wp\/v2\/types\/product"}],"replies":[{"embeddable":true,"href":"https:\/\/cincuenta.com.br\/oh2nutrition\/wp-json\/wp\/v2\/comments?post=1700"}],"wp:featuredmedia":[{"embeddable":true,"href":"https:\/\/cincuenta.com.br\/oh2nutrition\/wp-json\/wp\/v2\/media\/1514"}],"wp:attachment":[{"href":"https:\/\/cincuenta.com.br\/oh2nutrition\/wp-json\/wp\/v2\/media?parent=1700"}],"wp:term":[{"taxonomy":"product_cat","embeddable":true,"href":"https:\/\/cincuenta.com.br\/oh2nutrition\/wp-json\/wp\/v2\/product_cat?post=1700"},{"taxonomy":"product_tag","embeddable":true,"href":"https:\/\/cincuenta.com.br\/oh2nutrition\/wp-json\/wp\/v2\/product_tag?post=1700"}],"curies":[{"name":"wp","href":"https:\/\/api.w.org\/{rel}","templated":true}]}}