{"id":1696,"date":"2023-06-20T16:04:54","date_gmt":"2023-06-20T19:04:54","guid":{"rendered":"https:\/\/oh2nutrition.com.br\/?post_type=product&#038;p=1696"},"modified":"2024-11-08T17:22:58","modified_gmt":"2024-11-08T20:22:58","slug":"calcio-magnesio-e-zinco-vitamina-d-1400mg-2","status":"publish","type":"product","link":"https:\/\/cincuenta.com.br\/oh2nutrition\/produto\/calcio-magnesio-e-zinco-vitamina-d-1400mg-2\/","title":{"rendered":"C\u00c1LCIO, MAGN\u00c9SIO E ZINCO + VITAMINA D 1400MG"},"content":{"rendered":"<p>100 Tabletes<\/p>\n","protected":false},"excerpt":{"rendered":"<p>A combina\u00e7\u00e3o entre estes tr\u00eas minerais auxilia diretamente na manuten\u00e7\u00e3o de ossos fortes e dentes saud\u00e1veis. Al\u00e9m disto, apresentam papel importante para o sistema cardiovascular, nervoso, muscular e para a coagula\u00e7\u00e3o sangu\u00ednea. A vitamina D \u00e9 respons\u00e1vel pela melhor absor\u00e7\u00e3o do C\u00e1lcio; o Magn\u00e9sio colabora no equil\u00edbrio celular enquanto o Zinco, regula diversos processos enzim\u00e1ticos e metab\u00f3licos.<\/p>\n<p><b>Ingredientes<\/b><br \/>\nCarbonato de C\u00e1lcio, Magn\u00e9sio (\u00d3xido), Zinco (\u00d3xido) e Vitamina D3 (colecalciferol); Antiumectantes Celulose Microcristalina e Di\u00f3xido de Sil\u00edcio; Estabilizante Croscarmelose S\u00f3dica.<\/p>\n<p><b>Recomenda\u00e7\u00e3o de uso<\/b><br \/>\nIngerir 2 (dois) tabletes ao dia, preferencialmente antes das principais refei\u00e7\u00f5es. Gestantes, nutrizes (m\u00e3es que amamentam) e crian\u00e7as at\u00e9 3 (tr\u00eas) anos, somente devem consumir este produto sob orienta\u00e7\u00e3o de nutricionista ou m\u00e9dico. N\u00e3o Cont\u00e9m Gl\u00faten.<\/p>\n<p><b>Registro M.S.<\/b><br \/>\nProduto Dispensado de Registro conforme n\u00ba RDC 27\/10<\/p>\n","protected":false},"featured_media":1654,"comment_status":"open","ping_status":"closed","template":"","meta":[],"product_cat":[148],"product_tag":[],"class_list":{"0":"post-1696","1":"product","2":"type-product","3":"status-publish","4":"has-post-thumbnail","6":"product_cat-sem-categoria","8":"first","9":"instock","10":"shipping-taxable","11":"purchasable","12":"product-type-simple"},"_links":{"self":[{"href":"https:\/\/cincuenta.com.br\/oh2nutrition\/wp-json\/wp\/v2\/product\/1696"}],"collection":[{"href":"https:\/\/cincuenta.com.br\/oh2nutrition\/wp-json\/wp\/v2\/product"}],"about":[{"href":"https:\/\/cincuenta.com.br\/oh2nutrition\/wp-json\/wp\/v2\/types\/product"}],"replies":[{"embeddable":true,"href":"https:\/\/cincuenta.com.br\/oh2nutrition\/wp-json\/wp\/v2\/comments?post=1696"}],"wp:featuredmedia":[{"embeddable":true,"href":"https:\/\/cincuenta.com.br\/oh2nutrition\/wp-json\/wp\/v2\/media\/1654"}],"wp:attachment":[{"href":"https:\/\/cincuenta.com.br\/oh2nutrition\/wp-json\/wp\/v2\/media?parent=1696"}],"wp:term":[{"taxonomy":"product_cat","embeddable":true,"href":"https:\/\/cincuenta.com.br\/oh2nutrition\/wp-json\/wp\/v2\/product_cat?post=1696"},{"taxonomy":"product_tag","embeddable":true,"href":"https:\/\/cincuenta.com.br\/oh2nutrition\/wp-json\/wp\/v2\/product_tag?post=1696"}],"curies":[{"name":"wp","href":"https:\/\/api.w.org\/{rel}","templated":true}]}}