{"id":1694,"date":"2023-06-20T16:03:02","date_gmt":"2023-06-20T19:03:02","guid":{"rendered":"https:\/\/oh2nutrition.com.br\/?post_type=product&#038;p=1694"},"modified":"2024-11-08T17:22:13","modified_gmt":"2024-11-08T20:22:13","slug":"calcio-600mg-vitamina-d3-2","status":"publish","type":"product","link":"https:\/\/cincuenta.com.br\/oh2nutrition\/produto\/calcio-600mg-vitamina-d3-2\/","title":{"rendered":"C\u00c1LCIO 600MG + VITAMINA D3"},"content":{"rendered":"<p>120 Tabletes<\/p>\n","protected":false},"excerpt":{"rendered":"<p>O C\u00e1lcio \u00e9 essencial para a estrutura normal de ossos e dentes, indispens\u00e1vel para uma dieta saud\u00e1vel. Este mineral, quando associado \u00e0 vitamina D3, tem sua absor\u00e7\u00e3o melhorada pelo organismo. O C\u00e1lcio 600 fornece 60% da ingest\u00e3o di\u00e1ria recomendada (IDR) de C\u00e1lcio e 100% de Vitamina D3 por tablete.<\/p>\n<p><b>Ingredientes<\/b><br \/>\nCarbonato de C\u00e1lcio e Vitamina D3 (colecalciferol); Antiumectantes Celulose Microcristalina e Di\u00f3xido de Sil\u00edcio; Estabilizantes Croscarmelose S\u00f3dica e Hidroxipropilmetilcelulose; Corante Inorg\u00e2nico Di\u00f3xido de Tit\u00e2nio.<\/p>\n<p><b>Recomenda\u00e7\u00e3o de uso<\/b><br \/>\nIngerir 1 (um) tablete ao dia, preferencialmente antes da principal refei\u00e7\u00e3o. Gestantes, nutrizes (m\u00e3es que amamentam) e crian\u00e7as at\u00e9 3 (tr\u00eas) anos, somente devem consumir este produto sob orienta\u00e7\u00e3o de nutricionista ou m\u00e9dico. N\u00e3o Cont\u00e9m Gl\u00faten.<\/p>\n<p><b>Registro M.S.<\/b><br \/>\nProduto Dispensado de Registro conforme n\u00ba RDC 27\/10<\/p>\n","protected":false},"featured_media":1652,"comment_status":"open","ping_status":"closed","template":"","meta":[],"product_cat":[148],"product_tag":[],"class_list":{"0":"post-1694","1":"product","2":"type-product","3":"status-publish","4":"has-post-thumbnail","6":"product_cat-sem-categoria","8":"first","9":"instock","10":"shipping-taxable","11":"purchasable","12":"product-type-simple"},"_links":{"self":[{"href":"https:\/\/cincuenta.com.br\/oh2nutrition\/wp-json\/wp\/v2\/product\/1694"}],"collection":[{"href":"https:\/\/cincuenta.com.br\/oh2nutrition\/wp-json\/wp\/v2\/product"}],"about":[{"href":"https:\/\/cincuenta.com.br\/oh2nutrition\/wp-json\/wp\/v2\/types\/product"}],"replies":[{"embeddable":true,"href":"https:\/\/cincuenta.com.br\/oh2nutrition\/wp-json\/wp\/v2\/comments?post=1694"}],"wp:featuredmedia":[{"embeddable":true,"href":"https:\/\/cincuenta.com.br\/oh2nutrition\/wp-json\/wp\/v2\/media\/1652"}],"wp:attachment":[{"href":"https:\/\/cincuenta.com.br\/oh2nutrition\/wp-json\/wp\/v2\/media?parent=1694"}],"wp:term":[{"taxonomy":"product_cat","embeddable":true,"href":"https:\/\/cincuenta.com.br\/oh2nutrition\/wp-json\/wp\/v2\/product_cat?post=1694"},{"taxonomy":"product_tag","embeddable":true,"href":"https:\/\/cincuenta.com.br\/oh2nutrition\/wp-json\/wp\/v2\/product_tag?post=1694"}],"curies":[{"name":"wp","href":"https:\/\/api.w.org\/{rel}","templated":true}]}}