{"id":994,"date":"2019-05-23T18:20:43","date_gmt":"2019-05-23T21:20:43","guid":{"rendered":"https:\/\/polinizegroup.com.br\/?page_id=994"},"modified":"2024-11-08T18:03:12","modified_gmt":"2024-11-08T21:03:12","slug":"quem-somos","status":"publish","type":"page","link":"https:\/\/cincuenta.com.br\/oh2nutrition\/quem-somos\/","title":{"rendered":"Quem Somos"},"content":{"rendered":"\t<div id=\"gap-1595728996\" class=\"gap-element clearfix\" style=\"display:block; height:auto;\">\n\t\t\n<style>\n#gap-1595728996 {\n  padding-top: 80px;\n}\n<\/style>\n\t<\/div>\n\t\n<div class=\"container section-title-container\" ><h1 class=\"section-title section-title-center\"><b><\/b><span class=\"section-title-main\" >QUEM SOMOS<\/span><b><\/b><\/h1><\/div>\n\t<div id=\"gap-595511535\" class=\"gap-element clearfix\" style=\"display:block; height:auto;\">\n\t\t\n<style>\n#gap-595511535 {\n  padding-top: 80px;\n}\n<\/style>\n\t<\/div>\n\t\n\t<div id=\"text-3809442149\" class=\"text\">\n\t\t\n<p>A OH2 Nutrition, uma ind\u00fastria especializada na fabrica\u00e7\u00e3o e desenvolvimento de suplementos alimentares, traz consigo uma nova filosofia no desenvolvimento e fabrica\u00e7\u00e3o de suplementos alimentares. Esta filosofia se expressa na apresenta\u00e7\u00e3o de uma linha de produtos que, al\u00e9m do excelente visual, investe na alta tecnologia de pesquisa e produ\u00e7\u00e3o, com constante lan\u00e7amento de novidades que o mercado exige. A OH2 NUTRITION tem acima de tudo um profundo respeito \u00e0 natureza, meio ambiente, colaboradores e consumidores da marca. Utilizamos processos que seguem r\u00edgidos padr\u00f5es de seguran\u00e7a e higiene conforme normas da Anvisa e demais \u00f3rg\u00e3os reguladores. Somente adquirimos mat\u00e9rias-primas de qualidade comprovada, certificadas por fornecedores rigorosamente seleciona- dos e autorizados pela Anvisa.<\/p>\n\t\t\n<style>\n#text-3809442149 {\n  font-size: 1.75rem;\n  text-align: center;\n  color: rgb(114, 47, 8);\n}\n#text-3809442149 > * {\n  color: rgb(114, 47, 8);\n}\n<\/style>\n\t<\/div>\n\t\n","protected":false},"excerpt":{"rendered":"","protected":false},"author":1,"featured_media":0,"parent":0,"menu_order":0,"comment_status":"closed","ping_status":"closed","template":"","meta":{"footnotes":""},"class_list":["post-994","page","type-page","status-publish","hentry"],"_links":{"self":[{"href":"https:\/\/cincuenta.com.br\/oh2nutrition\/wp-json\/wp\/v2\/pages\/994"}],"collection":[{"href":"https:\/\/cincuenta.com.br\/oh2nutrition\/wp-json\/wp\/v2\/pages"}],"about":[{"href":"https:\/\/cincuenta.com.br\/oh2nutrition\/wp-json\/wp\/v2\/types\/page"}],"author":[{"embeddable":true,"href":"https:\/\/cincuenta.com.br\/oh2nutrition\/wp-json\/wp\/v2\/users\/1"}],"replies":[{"embeddable":true,"href":"https:\/\/cincuenta.com.br\/oh2nutrition\/wp-json\/wp\/v2\/comments?post=994"}],"version-history":[{"count":4,"href":"https:\/\/cincuenta.com.br\/oh2nutrition\/wp-json\/wp\/v2\/pages\/994\/revisions"}],"predecessor-version":[{"id":1786,"href":"https:\/\/cincuenta.com.br\/oh2nutrition\/wp-json\/wp\/v2\/pages\/994\/revisions\/1786"}],"wp:attachment":[{"href":"https:\/\/cincuenta.com.br\/oh2nutrition\/wp-json\/wp\/v2\/media?parent=994"}],"curies":[{"name":"wp","href":"https:\/\/api.w.org\/{rel}","templated":true}]}}